{"id":1105,"date":"2016-04-07T13:05:24","date_gmt":"2016-04-07T11:05:24","guid":{"rendered":"http:\/\/www.baumgarten-handelsvertretung.com\/?page_id=1105"},"modified":"2016-05-23T16:37:42","modified_gmt":"2016-05-23T14:37:42","slug":"medien","status":"publish","type":"page","link":"http:\/\/www.baumgarten-handelsvertretung.com\/?page_id=1105","title":{"rendered":"Medien."},"content":{"rendered":"<p>[et_pb_section admin_label=&#8220;section&#8220;][et_pb_row admin_label=&#8220;row&#8220;][et_pb_column type=&#8220;1_2&#8243;][et_pb_text admin_label=&#8220;Text&#8220; background_layout=&#8220;light&#8220; text_orientation=&#8220;left&#8220; use_border_color=&#8220;off&#8220; border_color=&#8220;#ffffff&#8220; border_style=&#8220;solid&#8220;]<\/p>\n<h3><strong><span style=\"color: #9acd32;\">Medien.<\/span><\/strong><\/h3>\n<p><span style=\"color: #333333;\">Wir liefern Ihnen die komplette Medienvielfalt<\/span><\/p>\n<ul>\n<li><span style=\"color: #333333;\"><span style=\"color: #9acd32;\">\u2666<\/span> Inkjetpapier <\/span><\/li>\n<li><span style=\"color: #333333;\"><span style=\"color: #9acd32;\">\u2666<\/span> Leinwand<\/span><\/li>\n<li><span style=\"color: #333333;\"><span style=\"color: #9acd32;\">\u2666<\/span> Proofpapier <\/span><\/li>\n<\/ul>\n<p><span style=\"color: #333333;\">sowie andere Bedruckstoffe <strong>Banner, Mesh, magnetische Bedruckstoffe, Inkjet Stoffe, One Way Vision, Floorgraphics <\/strong>und<strong> passende Laminate<\/strong>.<\/span> <span style=\"color: #333333;\"> Nutzen Sie unsere Kontakte zu den gro\u00dfen Konfektion\u00e4ren und lassen Sie Ihr Material so anliefern wie der Auftrag f\u00fcr Sie am effizientesten abzuwickeln ist. \u00a0<\/span><\/p>\n<p>[\/et_pb_text][\/et_pb_column][et_pb_column type=&#8220;1_2&#8243;][et_pb_text admin_label=&#8220;Text&#8220; background_layout=&#8220;light&#8220; text_orientation=&#8220;left&#8220; use_border_color=&#8220;off&#8220; border_color=&#8220;#ffffff&#8220; border_style=&#8220;solid&#8220;]<\/p>\n<p>[\/et_pb_text][et_pb_image admin_label=&#8220;Bild&#8220; src=&#8220;http:\/\/www.baumgarten-handelsvertretung.com\/wp-content\/uploads\/2016\/04\/Editorial-005.jpg&#8220; show_in_lightbox=&#8220;off&#8220; url_new_window=&#8220;off&#8220; animation=&#8220;left&#8220; sticky=&#8220;off&#8220; align=&#8220;left&#8220; force_fullwidth=&#8220;off&#8220; always_center_on_mobile=&#8220;on&#8220; use_border_color=&#8220;off&#8220; border_color=&#8220;#ffffff&#8220; border_style=&#8220;solid&#8220;]<\/p>\n<p>[\/et_pb_image][\/et_pb_column][\/et_pb_row][\/et_pb_section]<\/p>\n","protected":false},"excerpt":{"rendered":"<p>Medien. Wir liefern Ihnen die komplette Medienvielfalt \u2666 Inkjetpapier \u2666 Leinwand \u2666 Proofpapier sowie andere Bedruckstoffe Banner, Mesh, magnetische Bedruckstoffe, Inkjet Stoffe, One Way Vision, Floorgraphics und passende Laminate. Nutzen Sie unsere Kontakte zu den gro\u00dfen Konfektion\u00e4ren und lassen Sie Ihr Material so anliefern wie der Auftrag f\u00fcr Sie am effizientesten abzuwickeln ist. \u00a0<\/p>\n","protected":false},"author":1,"featured_media":0,"parent":0,"menu_order":0,"comment_status":"closed","ping_status":"closed","template":"","meta":{"_et_pb_use_builder":"on","_et_pb_old_content":"","_et_gb_content_width":"","footnotes":""},"_links":{"self":[{"href":"http:\/\/www.baumgarten-handelsvertretung.com\/index.php?rest_route=\/wp\/v2\/pages\/1105"}],"collection":[{"href":"http:\/\/www.baumgarten-handelsvertretung.com\/index.php?rest_route=\/wp\/v2\/pages"}],"about":[{"href":"http:\/\/www.baumgarten-handelsvertretung.com\/index.php?rest_route=\/wp\/v2\/types\/page"}],"author":[{"embeddable":true,"href":"http:\/\/www.baumgarten-handelsvertretung.com\/index.php?rest_route=\/wp\/v2\/users\/1"}],"replies":[{"embeddable":true,"href":"http:\/\/www.baumgarten-handelsvertretung.com\/index.php?rest_route=%2Fwp%2Fv2%2Fcomments&post=1105"}],"version-history":[{"count":23,"href":"http:\/\/www.baumgarten-handelsvertretung.com\/index.php?rest_route=\/wp\/v2\/pages\/1105\/revisions"}],"predecessor-version":[{"id":1702,"href":"http:\/\/www.baumgarten-handelsvertretung.com\/index.php?rest_route=\/wp\/v2\/pages\/1105\/revisions\/1702"}],"wp:attachment":[{"href":"http:\/\/www.baumgarten-handelsvertretung.com\/index.php?rest_route=%2Fwp%2Fv2%2Fmedia&parent=1105"}],"curies":[{"name":"wp","href":"https:\/\/api.w.org\/{rel}","templated":true}]}}