{"id":865,"date":"2016-01-13T14:39:58","date_gmt":"2016-01-13T13:39:58","guid":{"rendered":"http:\/\/www.baumgarten-handelsvertretung.com\/?page_id=865"},"modified":"2016-05-20T15:36:52","modified_gmt":"2016-05-20T13:36:52","slug":"produkte","status":"publish","type":"page","link":"http:\/\/www.baumgarten-handelsvertretung.com\/?page_id=865","title":{"rendered":"Produkte."},"content":{"rendered":"<p>[et_pb_section admin_label=&#8220;section&#8220;][et_pb_row admin_label=&#8220;row&#8220;][et_pb_column type=&#8220;1_2&#8243;][et_pb_text admin_label=&#8220;Text&#8220; background_layout=&#8220;light&#8220; text_orientation=&#8220;left&#8220; use_border_color=&#8220;off&#8220; border_color=&#8220;#ffffff&#8220; border_style=&#8220;solid&#8220;]<\/p>\n<h3><strong><span style=\"color: #9acd32;\">Unsere Produktvielfalt.<\/span><\/strong><\/h3>\n<p><span style=\"color: #333333;\">F\u00fcr uns ist es entscheidend, selbst \u00fcberzeugt von der <strong>Qualit\u00e4t<\/strong> und dem <strong>Preis-Leistungs-Verh\u00e4ltnis<\/strong> unserer Produkte zu sein. Nur dann k\u00f6nnen wir auch Sie als Kunden \u00fcberzeugen. Ebenso wichtig ist es uns, <strong>leistungsf\u00e4hig<\/strong> und <strong>schnell<\/strong> auf Ihre Belange reagieren zu k\u00f6nnen. Sollten Sie bei unserer Produkt\u00fcbersicht Ihren Bedarf nicht wiederfinden, rufen Sie uns gerne an &#8211; wir erstellen Ihnen ein unverbindliches Angebot.<\/span><\/p>\n<p>[\/et_pb_text][\/et_pb_column][et_pb_column type=&#8220;1_4&#8243;][et_pb_cta admin_label=&#8220;Handlungsaufruf&#8220; url_new_window=&#8220;off&#8220; use_background_color=&#8220;on&#8220; background_color=&#8220;#9acd32&#8243; background_layout=&#8220;dark&#8220; text_orientation=&#8220;left&#8220; use_border_color=&#8220;off&#8220; border_color=&#8220;#ffffff&#8220; border_style=&#8220;solid&#8220; custom_button=&#8220;off&#8220; button_letter_spacing=&#8220;0&#8243; button_use_icon=&#8220;default&#8220; button_icon_placement=&#8220;right&#8220; button_on_hover=&#8220;on&#8220; button_letter_spacing_hover=&#8220;0&#8243;]<\/p>\n<h4><strong><span style=\"color: #ffffff;\"><em>&#8222;Wer sich im Wettbewerb bew\u00e4hren will,<\/em> <em>muss anderen einen Schritt voraus sein.<\/em> <em>Das geht nur, wenn man mit \u00dcberzeugung und<\/em> <em>ganzem Herzen dabei ist.&#8220;<\/em><\/span><\/strong><\/h4>\n<p>[\/et_pb_cta][\/et_pb_column][et_pb_column type=&#8220;1_4&#8243;][\/et_pb_column][\/et_pb_row][\/et_pb_section]<\/p>\n","protected":false},"excerpt":{"rendered":"<p>Unsere Produktvielfalt. F\u00fcr uns ist es entscheidend, selbst \u00fcberzeugt von der Qualit\u00e4t und dem Preis-Leistungs-Verh\u00e4ltnis unserer Produkte zu sein. Nur dann k\u00f6nnen wir auch Sie als Kunden \u00fcberzeugen. Ebenso wichtig ist es uns, leistungsf\u00e4hig und schnell auf Ihre Belange reagieren zu k\u00f6nnen. Sollten Sie bei unserer Produkt\u00fcbersicht Ihren Bedarf nicht wiederfinden, rufen Sie uns gerne [&hellip;]<\/p>\n","protected":false},"author":1,"featured_media":0,"parent":0,"menu_order":0,"comment_status":"closed","ping_status":"closed","template":"","meta":{"_et_pb_use_builder":"on","_et_pb_old_content":"","_et_gb_content_width":"","footnotes":""},"_links":{"self":[{"href":"http:\/\/www.baumgarten-handelsvertretung.com\/index.php?rest_route=\/wp\/v2\/pages\/865"}],"collection":[{"href":"http:\/\/www.baumgarten-handelsvertretung.com\/index.php?rest_route=\/wp\/v2\/pages"}],"about":[{"href":"http:\/\/www.baumgarten-handelsvertretung.com\/index.php?rest_route=\/wp\/v2\/types\/page"}],"author":[{"embeddable":true,"href":"http:\/\/www.baumgarten-handelsvertretung.com\/index.php?rest_route=\/wp\/v2\/users\/1"}],"replies":[{"embeddable":true,"href":"http:\/\/www.baumgarten-handelsvertretung.com\/index.php?rest_route=%2Fwp%2Fv2%2Fcomments&post=865"}],"version-history":[{"count":9,"href":"http:\/\/www.baumgarten-handelsvertretung.com\/index.php?rest_route=\/wp\/v2\/pages\/865\/revisions"}],"predecessor-version":[{"id":1659,"href":"http:\/\/www.baumgarten-handelsvertretung.com\/index.php?rest_route=\/wp\/v2\/pages\/865\/revisions\/1659"}],"wp:attachment":[{"href":"http:\/\/www.baumgarten-handelsvertretung.com\/index.php?rest_route=%2Fwp%2Fv2%2Fmedia&parent=865"}],"curies":[{"name":"wp","href":"https:\/\/api.w.org\/{rel}","templated":true}]}}