{"id":868,"date":"2016-01-13T14:40:23","date_gmt":"2016-01-13T13:40:23","guid":{"rendered":"http:\/\/www.baumgarten-handelsvertretung.com\/?page_id=868"},"modified":"2016-04-21T14:43:30","modified_gmt":"2016-04-21T12:43:30","slug":"tinte","status":"publish","type":"page","link":"http:\/\/www.baumgarten-handelsvertretung.com\/?page_id=868","title":{"rendered":"Tinte Original."},"content":{"rendered":"<p>[et_pb_section admin_label=&#8220;section&#8220;][et_pb_row admin_label=&#8220;row&#8220;][et_pb_column type=&#8220;1_2&#8243;][et_pb_text admin_label=&#8220;Text&#8220; background_layout=&#8220;light&#8220; text_orientation=&#8220;left&#8220; use_border_color=&#8220;off&#8220; border_color=&#8220;#ffffff&#8220; border_style=&#8220;solid&#8220; text_text_color=&#8220;#9acd32&#8243; saved_tabs=&#8220;all&#8220;]<\/p>\n<div class=\" et_pb_row et_pb_row_0\">\n<div class=\"et_pb_column et_pb_column_2_3 et_pb_column_0\">\n<div class=\"et_pb_blurb et_pb_module et_pb_bg_layout_light et_pb_text_align_left et_pb_blurb_0 et_pb_blurb_position_top\">\n<div class=\"et_pb_blurb_content\">\n<h3 class=\"et_pb_blurb_container\"><strong><span style=\"color: #9acd32;\">Original Tinte.<\/span> <\/strong><\/h3>\n<div class=\"et_pb_blurb_container\"><span style=\"color: #333333;\">Wir arbeiten mit den gr\u00f6\u00dften Distributoren Deutschlands zusammen und liefern s\u00e4mtliche <strong>Originalverbrauchsmaterialien<\/strong> f\u00fcr alle g\u00e4ngigen Drucker von A bis Z \u2013 next day. <\/span><\/div>\n<div class=\"et_pb_blurb_container\"><span style=\"color: #333333;\"> Sie k\u00f6nnen bei uns telefonisch, per Email oder auch mit einem Fax bestellen. Bei einer Bestellung bis 13 Uhr ist Ihr Verbrauchsmaterial am n\u00e4chsten Tag bei Ihnen; gerne liefern wir auch Express mit garantierter Zustellung.<\/span><\/div>\n<\/div>\n<\/div>\n<\/div>\n<\/div>\n<p>[\/et_pb_text][et_pb_text admin_label=&#8220;Text&#8220; background_layout=&#8220;light&#8220; text_orientation=&#8220;left&#8220; use_border_color=&#8220;off&#8220; border_color=&#8220;#ffffff&#8220; border_style=&#8220;solid&#8220;] <span style=\"color: #333333;\">Die <strong>Tinten aller namhafter Hersteller<\/strong> k\u00f6nnen Sie bei uns beziehen: <\/span><br \/>\n<span style=\"color: #333333;\"> Alcatel, Apple, Bosch, Brother, Canon, Citizen, Dell, DeTeWe, Develop, DYMO, Encad, Epson, Fujitsu, Gestetner, Grundig, HP, IBM, Infotec, Kodak, Konica Minolta, Kyocera, Lanier, Lexmark, Makerbrot, Mimaki, Mita, Mitsubishi, Mutoh, Nashuatec, NEC, OCE, Oki, Olivetti, Olympia, Panasonic, Philips, Rex Rotary, Ricoh, Riso, Roland, Sagem, Samsung, Sanyo, Schiller, Schneider Computer Division, Seiko, Sharp, Siemens, Sony, TA, Tally, Tektronix, Telekom, Toshiba, Utax, Xerox, Zebra<\/span> [\/et_pb_text][\/et_pb_column][et_pb_column type=&#8220;1_2&#8243;][et_pb_text admin_label=&#8220;Text&#8220; background_layout=&#8220;light&#8220; text_orientation=&#8220;left&#8220; use_border_color=&#8220;off&#8220; border_color=&#8220;#ffffff&#8220; border_style=&#8220;solid&#8220;]<\/p>\n<table style=\"height: 290px;\" width=\"273\">\n<tbody>\n<tr style=\"height: 50px;\">\n<td><\/td>\n<td><\/td>\n<\/tr>\n<tr style=\"height: 50px;\">\n<td><img loading=\"lazy\" decoding=\"async\" class=\"wp-image-1137 aligncenter\" src=\"http:\/\/www.baumgarten-handelsvertretung.com\/wp-content\/uploads\/2016\/01\/brother_logo_2527-300x68.gif\" alt=\"\" width=\"106\" height=\"24\" srcset=\"http:\/\/www.baumgarten-handelsvertretung.com\/wp-content\/uploads\/2016\/01\/brother_logo_2527-300x68.gif 300w, http:\/\/www.baumgarten-handelsvertretung.com\/wp-content\/uploads\/2016\/01\/brother_logo_2527-400x90.gif 400w\" sizes=\"(max-width: 106px) 100vw, 106px\" \/><\/td>\n<td><img loading=\"lazy\" decoding=\"async\" class=\"wp-image-1138 aligncenter\" src=\"http:\/\/www.baumgarten-handelsvertretung.com\/wp-content\/uploads\/2016\/01\/Canon-logo-F5F382EE57-seeklogo.com_.gif.png\" alt=\"\" width=\"107\" height=\"25\" \/><\/td>\n<\/tr>\n<tr style=\"height: 50px;\">\n<td><img loading=\"lazy\" decoding=\"async\" class=\"wp-image-1139 aligncenter\" src=\"http:\/\/www.baumgarten-handelsvertretung.com\/wp-content\/uploads\/2016\/01\/Epson.jpg\" alt=\"\" width=\"105\" height=\"37\" \/><\/td>\n<td><img loading=\"lazy\" decoding=\"async\" class=\"wp-image-1140 aligncenter\" src=\"http:\/\/www.baumgarten-handelsvertretung.com\/wp-content\/uploads\/2016\/01\/HP.png\" alt=\"\" width=\"43\" height=\"43\" srcset=\"http:\/\/www.baumgarten-handelsvertretung.com\/wp-content\/uploads\/2016\/01\/HP.png 200w, http:\/\/www.baumgarten-handelsvertretung.com\/wp-content\/uploads\/2016\/01\/HP-150x150.png 150w\" sizes=\"(max-width: 43px) 100vw, 43px\" \/><\/td>\n<\/tr>\n<tr style=\"height: 50px;\">\n<td><a href=\"http:\/\/www.baumgarten-handelsvertretung.com\/wp-content\/uploads\/2016\/01\/oki-printing-solutions-logo-B40B741DC1-seeklogo.com_-1.gif\" rel=\"attachment wp-att-1433\"><img loading=\"lazy\" decoding=\"async\" class=\" wp-image-1433 aligncenter\" src=\"http:\/\/www.baumgarten-handelsvertretung.com\/wp-content\/uploads\/2016\/01\/oki-printing-solutions-logo-B40B741DC1-seeklogo.com_-1.gif\" alt=\"oki-printing-solutions-logo-B40B741DC1-seeklogo.com\" width=\"106\" height=\"50\" \/><\/a><\/td>\n<td><a href=\"http:\/\/www.baumgarten-handelsvertretung.com\/wp-content\/uploads\/2016\/01\/Roland-Logo-1.png\" rel=\"attachment wp-att-1434\"><img loading=\"lazy\" decoding=\"async\" class=\"wp-image-1434 aligncenter\" src=\"http:\/\/www.baumgarten-handelsvertretung.com\/wp-content\/uploads\/2016\/01\/Roland-Logo-1.png\" alt=\"Roland Logo\" width=\"196\" height=\"37\" \/><\/a><\/td>\n<\/tr>\n<\/tbody>\n<\/table>\n<p>[\/et_pb_text][\/et_pb_column][\/et_pb_row][\/et_pb_section]<\/p>\n","protected":false},"excerpt":{"rendered":"<p>Original Tinte. Wir arbeiten mit den gr\u00f6\u00dften Distributoren Deutschlands zusammen und liefern s\u00e4mtliche Originalverbrauchsmaterialien f\u00fcr alle g\u00e4ngigen Drucker von A bis Z \u2013 next day. Sie k\u00f6nnen bei uns telefonisch, per Email oder auch mit einem Fax bestellen. Bei einer Bestellung bis 13 Uhr ist Ihr Verbrauchsmaterial am n\u00e4chsten Tag bei Ihnen; gerne liefern wir [&hellip;]<\/p>\n","protected":false},"author":1,"featured_media":0,"parent":0,"menu_order":0,"comment_status":"closed","ping_status":"closed","template":"","meta":{"_et_pb_use_builder":"on","_et_pb_old_content":"","_et_gb_content_width":"","footnotes":""},"_links":{"self":[{"href":"http:\/\/www.baumgarten-handelsvertretung.com\/index.php?rest_route=\/wp\/v2\/pages\/868"}],"collection":[{"href":"http:\/\/www.baumgarten-handelsvertretung.com\/index.php?rest_route=\/wp\/v2\/pages"}],"about":[{"href":"http:\/\/www.baumgarten-handelsvertretung.com\/index.php?rest_route=\/wp\/v2\/types\/page"}],"author":[{"embeddable":true,"href":"http:\/\/www.baumgarten-handelsvertretung.com\/index.php?rest_route=\/wp\/v2\/users\/1"}],"replies":[{"embeddable":true,"href":"http:\/\/www.baumgarten-handelsvertretung.com\/index.php?rest_route=%2Fwp%2Fv2%2Fcomments&post=868"}],"version-history":[{"count":42,"href":"http:\/\/www.baumgarten-handelsvertretung.com\/index.php?rest_route=\/wp\/v2\/pages\/868\/revisions"}],"predecessor-version":[{"id":1469,"href":"http:\/\/www.baumgarten-handelsvertretung.com\/index.php?rest_route=\/wp\/v2\/pages\/868\/revisions\/1469"}],"wp:attachment":[{"href":"http:\/\/www.baumgarten-handelsvertretung.com\/index.php?rest_route=%2Fwp%2Fv2%2Fmedia&parent=868"}],"curies":[{"name":"wp","href":"https:\/\/api.w.org\/{rel}","templated":true}]}}