{"id":871,"date":"2016-01-13T14:40:48","date_gmt":"2016-01-13T13:40:48","guid":{"rendered":"http:\/\/www.baumgarten-handelsvertretung.com\/?page_id=871"},"modified":"2016-04-22T08:48:32","modified_gmt":"2016-04-22T06:48:32","slug":"toner","status":"publish","type":"page","link":"http:\/\/www.baumgarten-handelsvertretung.com\/?page_id=871","title":{"rendered":"Toner Original."},"content":{"rendered":"<p>[et_pb_section admin_label=&#8220;section&#8220;][et_pb_row admin_label=&#8220;row&#8220;][et_pb_column type=&#8220;1_2&#8243;][et_pb_text admin_label=&#8220;Text&#8220; background_layout=&#8220;light&#8220; text_orientation=&#8220;left&#8220; use_border_color=&#8220;off&#8220; border_color=&#8220;#ffffff&#8220; border_style=&#8220;solid&#8220;]<\/p>\n<h3><strong><span style=\"color: #9acd32;\">Original Toner.<\/span><\/strong><\/h3>\n<p><span style=\"color: #333333;\">Wir arbeiten mit den gr\u00f6\u00dften Distributoren Deutschlands zusammen und liefern s\u00e4mtliche <strong>Originalverbrauchsmaterialien<\/strong> f\u00fcr <strong>alle g\u00e4ngigen Drucker von A bis Z \u2013 next day<\/strong>.<\/span> <span style=\"color: #333333;\">Sie k\u00f6nnen bei uns telefonisch, per Email oder auch mit einem Fax bestellen. Bei einer Bestellung bis 13 Uhr ist Ihr Verbrauchsmaterial am n\u00e4chsten Tag bei Ihnen; gerne liefern wir auch Express mit garantierter Zustellung.<\/span><\/p>\n<p>[\/et_pb_text][et_pb_text admin_label=&#8220;Text&#8220; background_layout=&#8220;light&#8220; text_orientation=&#8220;left&#8220; use_border_color=&#8220;off&#8220; border_color=&#8220;#ffffff&#8220; border_style=&#8220;solid&#8220;]<\/p>\n<p><span style=\"color: #333333;\">Die <strong>Toner aller namhafter Hersteller<\/strong> k\u00f6nnen Sie bei uns beziehen: <\/span><\/p>\n<p><span style=\"color: #333333;\">Alcatel, Apple, Bosch, Brother, Canon, Citizen, Dell, DeTeWe, Develop, DYMO, Encad, Epson, Fujitsu, Gestetner, Grundig, HP, IBM, Infotec, Kodak, Konica Minolta, Kyocera, Lanier, Lexmark, Makerbrot, Mita, Mitsubishi, Nashuatec, NEC, OCE, Oki, Olivetti, Olympia, Panasonic, Philips, Rex Rotary, Ricoh, Riso, Sagem, Samsung, Sanyo, Schiller, Schneider Computer Division, Seiko, Sharp, Siemens, Sony, TA, Tally, Tektronix, Telekom, Toshiba, Utax, Xerox, Zebra<\/span><\/p>\n<p>[\/et_pb_text][\/et_pb_column][et_pb_column type=&#8220;1_2&#8243;][et_pb_text admin_label=&#8220;Text&#8220; background_layout=&#8220;light&#8220; text_orientation=&#8220;left&#8220; use_border_color=&#8220;off&#8220; border_color=&#8220;#ffffff&#8220; border_style=&#8220;solid&#8220;]<\/p>\n<table style=\"height: 290px;\" width=\"317\">\n<tbody>\n<tr>\n<td style=\"text-align: center;\"><\/td>\n<td style=\"text-align: center;\"><\/td>\n<\/tr>\n<tr>\n<td style=\"text-align: center;\"><\/td>\n<td style=\"text-align: center;\"><\/td>\n<\/tr>\n<tr>\n<td style=\"text-align: center;\"><\/td>\n<td style=\"text-align: center;\"><\/td>\n<\/tr>\n<tr>\n<td style=\"text-align: center;\"><img loading=\"lazy\" decoding=\"async\" class=\"wp-image-1200 aligncenter\" src=\"http:\/\/www.baumgarten-handelsvertretung.com\/wp-content\/uploads\/2016\/01\/brother_logo_2527-1-300x68.gif\" alt=\"\" width=\"106\" height=\"24\" srcset=\"http:\/\/www.baumgarten-handelsvertretung.com\/wp-content\/uploads\/2016\/01\/brother_logo_2527-1-300x68.gif 300w, http:\/\/www.baumgarten-handelsvertretung.com\/wp-content\/uploads\/2016\/01\/brother_logo_2527-1-400x90.gif 400w\" sizes=\"(max-width: 106px) 100vw, 106px\" \/><\/td>\n<td style=\"text-align: center;\"><img loading=\"lazy\" decoding=\"async\" class=\"wp-image-1138 aligncenter\" src=\"http:\/\/www.baumgarten-handelsvertretung.com\/wp-content\/uploads\/2016\/01\/Canon-logo-F5F382EE57-seeklogo.com_.gif.png\" alt=\"\" width=\"107\" height=\"25\" \/><\/td>\n<\/tr>\n<tr>\n<td style=\"text-align: center;\"><img loading=\"lazy\" decoding=\"async\" class=\"wp-image-1140 aligncenter\" src=\"http:\/\/www.baumgarten-handelsvertretung.com\/wp-content\/uploads\/2016\/01\/HP.png\" alt=\"\" width=\"51\" height=\"51\" srcset=\"http:\/\/www.baumgarten-handelsvertretung.com\/wp-content\/uploads\/2016\/01\/HP.png 200w, http:\/\/www.baumgarten-handelsvertretung.com\/wp-content\/uploads\/2016\/01\/HP-150x150.png 150w\" sizes=\"(max-width: 51px) 100vw, 51px\" \/><\/td>\n<td style=\"text-align: center;\"><img loading=\"lazy\" decoding=\"async\" class=\"wp-image-1141 aligncenter\" src=\"http:\/\/www.baumgarten-handelsvertretung.com\/wp-content\/uploads\/2016\/01\/kyocera-logo-64D672FE71-seeklogo.com_-e1460373004732.gif\" alt=\"\" width=\"110\" height=\"28\" \/><\/td>\n<\/tr>\n<tr>\n<td><a href=\"http:\/\/www.baumgarten-handelsvertretung.com\/wp-content\/uploads\/2016\/01\/Konica-Minolta-Logo-1.jpg\" rel=\"attachment wp-att-1444\"><img loading=\"lazy\" decoding=\"async\" class=\"wp-image-1444 aligncenter\" src=\"http:\/\/www.baumgarten-handelsvertretung.com\/wp-content\/uploads\/2016\/01\/Konica-Minolta-Logo-1-300x128.jpg\" alt=\"Konica Minolta Logo\" width=\"108\" height=\"46\" srcset=\"http:\/\/www.baumgarten-handelsvertretung.com\/wp-content\/uploads\/2016\/01\/Konica-Minolta-Logo-1-300x128.jpg 300w, http:\/\/www.baumgarten-handelsvertretung.com\/wp-content\/uploads\/2016\/01\/Konica-Minolta-Logo-1.jpg 379w\" sizes=\"(max-width: 108px) 100vw, 108px\" \/><\/a><\/td>\n<td style=\"text-align: left;\"><img loading=\"lazy\" decoding=\"async\" class=\"wp-image-1142 aligncenter\" src=\"http:\/\/www.baumgarten-handelsvertretung.com\/wp-content\/uploads\/2016\/01\/oki-printing-solutions-logo-B40B741DC1-seeklogo.com_-e1460373150432.gif\" alt=\"\" width=\"107\" height=\"47\" \/><\/td>\n<\/tr>\n<tr>\n<td><img loading=\"lazy\" decoding=\"async\" class=\"wp-image-1143 aligncenter\" src=\"http:\/\/www.baumgarten-handelsvertretung.com\/wp-content\/uploads\/2016\/01\/Samsung.png\" alt=\"\" width=\"107\" height=\"36\" \/><\/td>\n<td style=\"text-align: left;\"><img loading=\"lazy\" decoding=\"async\" class=\"wp-image-1144 aligncenter\" src=\"http:\/\/www.baumgarten-handelsvertretung.com\/wp-content\/uploads\/2016\/01\/Xerox-Logo.gif\" alt=\"\" width=\"106\" height=\"30\" \/><\/td>\n<\/tr>\n<\/tbody>\n<\/table>\n<p>[\/et_pb_text][\/et_pb_column][\/et_pb_row][\/et_pb_section]<\/p>\n","protected":false},"excerpt":{"rendered":"<p>Original Toner. Wir arbeiten mit den gr\u00f6\u00dften Distributoren Deutschlands zusammen und liefern s\u00e4mtliche Originalverbrauchsmaterialien f\u00fcr alle g\u00e4ngigen Drucker von A bis Z \u2013 next day. Sie k\u00f6nnen bei uns telefonisch, per Email oder auch mit einem Fax bestellen. Bei einer Bestellung bis 13 Uhr ist Ihr Verbrauchsmaterial am n\u00e4chsten Tag bei Ihnen; gerne liefern wir [&hellip;]<\/p>\n","protected":false},"author":1,"featured_media":0,"parent":0,"menu_order":0,"comment_status":"closed","ping_status":"closed","template":"","meta":{"_et_pb_use_builder":"on","_et_pb_old_content":"","_et_gb_content_width":"","footnotes":""},"_links":{"self":[{"href":"http:\/\/www.baumgarten-handelsvertretung.com\/index.php?rest_route=\/wp\/v2\/pages\/871"}],"collection":[{"href":"http:\/\/www.baumgarten-handelsvertretung.com\/index.php?rest_route=\/wp\/v2\/pages"}],"about":[{"href":"http:\/\/www.baumgarten-handelsvertretung.com\/index.php?rest_route=\/wp\/v2\/types\/page"}],"author":[{"embeddable":true,"href":"http:\/\/www.baumgarten-handelsvertretung.com\/index.php?rest_route=\/wp\/v2\/users\/1"}],"replies":[{"embeddable":true,"href":"http:\/\/www.baumgarten-handelsvertretung.com\/index.php?rest_route=%2Fwp%2Fv2%2Fcomments&post=871"}],"version-history":[{"count":28,"href":"http:\/\/www.baumgarten-handelsvertretung.com\/index.php?rest_route=\/wp\/v2\/pages\/871\/revisions"}],"predecessor-version":[{"id":1475,"href":"http:\/\/www.baumgarten-handelsvertretung.com\/index.php?rest_route=\/wp\/v2\/pages\/871\/revisions\/1475"}],"wp:attachment":[{"href":"http:\/\/www.baumgarten-handelsvertretung.com\/index.php?rest_route=%2Fwp%2Fv2%2Fmedia&parent=871"}],"curies":[{"name":"wp","href":"https:\/\/api.w.org\/{rel}","templated":true}]}}