{"id":886,"date":"2016-01-13T14:42:41","date_gmt":"2016-01-13T13:42:41","guid":{"rendered":"http:\/\/www.baumgarten-handelsvertretung.com\/?page_id=886"},"modified":"2016-05-23T16:31:22","modified_gmt":"2016-05-23T14:31:22","slug":"druckkopf","status":"publish","type":"page","link":"http:\/\/www.baumgarten-handelsvertretung.com\/?page_id=886","title":{"rendered":"Druckk\u00f6pfe."},"content":{"rendered":"<p>[et_pb_section admin_label=&#8220;section&#8220;][et_pb_row admin_label=&#8220;row&#8220;][et_pb_column type=&#8220;1_2&#8243;][et_pb_text admin_label=&#8220;Text&#8220; background_layout=&#8220;light&#8220; text_orientation=&#8220;left&#8220; use_border_color=&#8220;off&#8220; border_color=&#8220;#ffffff&#8220; border_style=&#8220;solid&#8220;]<\/p>\n<h3><strong><span style=\"color: #9acd32;\">Druckk\u00f6pfe.<\/span><\/strong><\/h3>\n<p><span style=\"color: #333333;\">Neben den HP und Canon <strong>Bubble-Jet Druckk\u00f6pfen<\/strong>, die einfache Verschlei\u00dfteile sind, liefern wir auch alle <strong>Piezodruckk\u00f6pfe<\/strong> von Epson, Mimaki, Mutoh und Roland als Ersatzteil. Wir nutzen unser Know-how aus dem technischen Service, um f\u00fcr Sie den g\u00fcnstigsten Druckkopf zu beschaffen. Nat\u00fcrlich haben wir auch den technischen Spezialisten unter unseren Partnern, der die Ersatzteile einbaut.<\/span><\/p>\n<p>[\/et_pb_text][\/et_pb_column][et_pb_column type=&#8220;1_2&#8243;][et_pb_gallery admin_label=&#8220;Galerie&#8220; gallery_ids=&#8220;1565,1567,1568&#8243; fullwidth=&#8220;on&#8220; posts_number=&#8220;3&#8243; show_title_and_caption=&#8220;off&#8220; show_pagination=&#8220;off&#8220; background_layout=&#8220;light&#8220; auto=&#8220;on&#8220; auto_speed=&#8220;4500&#8243; hover_overlay_color=&#8220;rgba(255,255,255,0.9)&#8220; caption_all_caps=&#8220;off&#8220; use_border_color=&#8220;off&#8220; border_color=&#8220;#ffffff&#8220; border_style=&#8220;solid&#8220;]<\/p>\n<p>[\/et_pb_gallery][\/et_pb_column][\/et_pb_row][\/et_pb_section]<\/p>\n","protected":false},"excerpt":{"rendered":"<p>Druckk\u00f6pfe. Neben den HP und Canon Bubble-Jet Druckk\u00f6pfen, die einfache Verschlei\u00dfteile sind, liefern wir auch alle Piezodruckk\u00f6pfe von Epson, Mimaki, Mutoh und Roland als Ersatzteil. Wir nutzen unser Know-how aus dem technischen Service, um f\u00fcr Sie den g\u00fcnstigsten Druckkopf zu beschaffen. Nat\u00fcrlich haben wir auch den technischen Spezialisten unter unseren Partnern, der die Ersatzteile einbaut.<\/p>\n","protected":false},"author":1,"featured_media":0,"parent":0,"menu_order":0,"comment_status":"closed","ping_status":"closed","template":"","meta":{"_et_pb_use_builder":"on","_et_pb_old_content":"","_et_gb_content_width":"","footnotes":""},"_links":{"self":[{"href":"http:\/\/www.baumgarten-handelsvertretung.com\/index.php?rest_route=\/wp\/v2\/pages\/886"}],"collection":[{"href":"http:\/\/www.baumgarten-handelsvertretung.com\/index.php?rest_route=\/wp\/v2\/pages"}],"about":[{"href":"http:\/\/www.baumgarten-handelsvertretung.com\/index.php?rest_route=\/wp\/v2\/types\/page"}],"author":[{"embeddable":true,"href":"http:\/\/www.baumgarten-handelsvertretung.com\/index.php?rest_route=\/wp\/v2\/users\/1"}],"replies":[{"embeddable":true,"href":"http:\/\/www.baumgarten-handelsvertretung.com\/index.php?rest_route=%2Fwp%2Fv2%2Fcomments&post=886"}],"version-history":[{"count":17,"href":"http:\/\/www.baumgarten-handelsvertretung.com\/index.php?rest_route=\/wp\/v2\/pages\/886\/revisions"}],"predecessor-version":[{"id":1701,"href":"http:\/\/www.baumgarten-handelsvertretung.com\/index.php?rest_route=\/wp\/v2\/pages\/886\/revisions\/1701"}],"wp:attachment":[{"href":"http:\/\/www.baumgarten-handelsvertretung.com\/index.php?rest_route=%2Fwp%2Fv2%2Fmedia&parent=886"}],"curies":[{"name":"wp","href":"https:\/\/api.w.org\/{rel}","templated":true}]}}